*l + 3*v + 17 = 3*l. Calculate the remainder when 57 is divided by l.
17
Calculate the remainder when 2 - (-4 - (24 - -4)) is divided by 18.
16
Let a = 54 - 31. What is the remainder when 42 is divided by a?
19
Suppose -3*l + 2*k + 31 = 0, -4*k - 38 = -5*l + 15. Let r be 22/(0 + 2 + -1). Let i = r + -5. What is the remainder when i is divided by l?
8
Suppose 3*m - 2*k - 7 - 6 = 0, -3*m + 15 = -3*k. Suppose -5*a + 4*w + 3 = 1, 0 = 5*w - 10. What is the remainder when m is divided by a?
1
Let i(s) = -3*s - 29. Calculate the remainder when i(-11) is divided by 2.
0
Let m(q) = 16*q + 7. Let a be m(3). Let y be 2 + 0 + 0 + -2. Suppose -5*c + a = -y*c. Calculate the remainder when c is divided by 4.
3
Suppose 24 = -4*n - 4. Let d be 3/(-9) - n/3. Suppose -x - d*m + 1 = -1, 9 = 3*x + 5*m. What is the remainder when 14 is divided by x?
6
Let a = -1 - 1. Calculate the remainder when 868/18 + a/9 is divided by 17.
14
Suppose 5*r + 3 = 43. Suppose 44 = h + h. Calculate the remainder when h is divided by r.
6
Suppose -2*v + 65 + 85 = 0. Let i = -119 + v. Calculate the remainder when ((-1)/2)/(1/i) is divided by 12.
10
Calculate the remainder when 78 is divided by -10 - -11 - -19*1.
18
Suppose -8*p - 19 = -4*p + l, 4*p + 49 = 5*l. Let d(r) = r**3 + 6*r**2 + 3. Let o be d(p). Calculate the remainder when 40 is divided by 14*(o + (-2)/1).
12
Let d(m) = 3*m**2 - 2. Let n(i) = -i**3 + 3*i**2 + 4*i - 3. Suppose -3*x = -5*x + 8. Let g be n(x). Calculate the remainder when d(g) is divided by 14.
11
Calculate the remainder when 22 is divided by (-1)/3 - 19/(-3).
4
Suppose 5*v - 30 = -0*v. Let z = 14 - v. What is the remainder when 14 is divided by z?
6
Suppose 28 - 144 = -4*w. Calculate the remainder when w is divided by 8.
5
Let g be ((3 + -1)*1)/2. What is the remainder when g/2 - (-67)/2 is divided by 12?
10
Let x = -25 - -35. What is the remainder when 37 is divided by x?
7
Suppose -472 = -11*v + 3*v. What is the remainder when v is divided by (-164)/(-14) + (-4)/(-14)?
11
Let c = 29 + -13. Let x(f) = 17*f**2 + 6*f + 5. Let k(s) = -18*s**2 - 7*s - 6. Let o(n) = 5*k(n) + 6*x(n). Calculate the remainder when o(-2) is divided by c.
14
Let v be 376*-1*(-3)/6. Suppose 2*d + 3*d - g - v = 0, d - 2*g = 43. Calculate the remainder when d is divided by 13.
11
Suppose 2*x + 21 = 3*t - 224, 312 = 4*t + x. Calculate the remainder when t is divided by 41.
38
Let p = -26 + 46. Suppose 30 = 2*r - 44. What is the remainder when r is divided by p?
17
Let j(l) = -10*l + 1. Calculate the remainder when j(-2) is divided by 6.
3
Suppose -h + 10 = -4. What is the remainder when (-120)/(-10)*(-2)/((-16)/26) is divided by h?
11
Suppose 0*y = -3*y + 2*x + 75, 0 = y + 3*x - 14. Let n = -10 - -16. Calculate the remainder when y is divided by n.
5
Let v(w) = w + 22. Suppose -5 + 3 = -5*n - 4*r, 13 = -2*n + 3*r. Let i = 10 - n. What is the remainder when v(0) is divided by i?
10
Suppose r + 0*r - 5 = 0. Suppose -r*x + 0*x = -55. What is the remainder when 20 is divided by x?
9
Let v be 11 - ((-6)/(-1) + -3). Suppose 2*i = -4*z + 48 - v, 0 = z - 3*i + 4. What is the remainder when 14 is divided by z?
6
Suppose -2*q + 22 = 2*c + 3*q, -5*q = -3*c + 83. What is the remainder when 79 is divided by c?
16
Let j(i) = i**2 - 5*i + 2. Let h be j(5). Suppose -3*y = -4*u - 0*u + 139, 2 = -h*y. What is the remainder when u is divided by 9?
7
Let i = 2 - 2. Suppose 2*q = q + 34. Suppose z = -i*z + q. What is the remainder when z is divided by 18?
16
Let d(k) = 13*k - 9. Calculate the remainder when 115 is divided by d(3).
25
Suppose 3*i + 4 = 5*j + 179, 5*j + 185 = 5*i. Let z = 52 + j. What is the remainder when z is divided by 11?
9
Suppose -2*a = -10*a + 280. Calculate the remainder when a is divided by 9.
8
Suppose 4*j + 4*t - 8 = 0, -3*j + 0*t - 4 = t. Let o be (j - -2)*8/2. Let a = -1 - o. Calculate the remainder when a is divided by 2.
1
Let b(c) = -c**3 - c**2 + 3. Calculate the remainder when (2 - 1) + (1 - (-33 + -5)) is divided by b(-3).
19
Let c = 125 + -115. What is the remainder when 47 is divided by c?
7
Let p(m) = -7*m - 2. Let v be p(-3). Let s = v + -12. What is the remainder when s is divided by (2/3 + -2)*-3?
3
Let j = -25 + 53. Let s = -2 + 12. Calculate the remainder when j is divided by s.
8
What is the remainder when 93 is divided by ((-2)/(-10))/((-1)/(-95))?
17
Suppose -5*m + k + 13 = -21, k - 8 = -m. Suppose -3*i = -5*i + 102. Suppose -5*o = -v - 2*v + i, -o = -4*v + 51. What is the remainder when v is divided by m?
5
Let p = -2 - -3. What is the remainder when (0 - 3 - -6) + 4/(-2) is divided by p?
0
Let l = -7 + 10. Calculate the remainder when 66/6*(-2)/(-2) is divided by l.
2
Suppose -8*f + 5*f + 63 = 0. Calculate the remainder when 81 is divided by f.
18
Calculate the remainder when 0/(-2) + 20 + 3 is divided by 616/52 - (-2)/13.
11
Let z(u) = 10*u**2. Let l = 2 + -1. Let v = 0 - l. What is the remainder when 29 is divided by z(v)?
9
Let i = 4 + -1. Let c = -112 - -117. Calculate the remainder when c is divided by i.
2
Let p(u) = 6*u - 7. Let y be ((-3)/(-9))/(2/(-6)). Let r(h) = 5*h**2 - h - 1. What is the remainder when p(4) is divided by r(y)?
2
Let h(c) = c + 2. Let u be h(5). Let l(b) = -b + 8. Calculate the remainder when (-1)/(2 - 0)*-2 is divided by l(u).
0
Suppose -3*x - 37 = -97. What is the remainder when x is divided by 11?
9
Let p = -120 + 271. What is the remainder when p is divided by 17?
15
Suppose -p + 21 = 3*z, 3*p + 2*p = 5*z + 125. Calculate the remainder when 68 is divided by p.
20
Let n be (-20)/(-90) - (-86)/18. Let f(k) = -k**3 + 3*k**2 - k. Let h be f(n). Let p = 89 + h. What is the remainder when p is divided by 9?
7
Suppose -2*s + 5*k = -31, -51 = -2*s - s + 3*k. Let x = s - 1. What is the remainder when 67 is divided by x?
16
Suppose -5*x + 6*x = 5. Suppose -3 = -h, -66 = -3*o + 4*h - x*h. Calculate the remainder when 82 is divided by o.
19
Let l(a) = a**3 - 5*a**2 + a - 3. Let s be l(5). Suppose s*y = -y + 3. What is the remainder when 1 is divided by y?
0
Let r = 58 + -34. What is the remainder when (1 + 2 - 1) + 68 is divided by r?
22
Let u(n) = 9*n + 6. Let g be u(6). Suppose -24 = -3*w - t + 23, -2*t + g = 4*w. What is the remainder when 49 is divided by w?
15
Calculate the remainder when ((-9)/2 + 0)*-2 is divided by 5.
4
Suppose -275 = -3*y + 5*a, 0 = 4*y - 2*y + a - 166. Calculate the remainder when y is divided by 29.
27
Let a = 169 + -62. Let r(o) = 4*o - 21. Let n be r(6). Suppose 5*g - 4*k = a, 4*g - n*k = -0*k + 85. What is the remainder when 56 is divided by g?
18
Let t(d) be the second derivative of 53/2*d**2 + 1/12*d**4 + 2*d - 1/20*d**5 + 0 + 0*d**3. Calculate the remainder when t(0) is divided by 14.
11
Suppose 0 = -2*v + 34 + 50. Suppose -9*f + 70 = -29. What is the remainder when v is divided by f?
9
Let v(b) = 2*b**2 - 26*b - 49. Calculate the remainder when 86 is divided by v(15).
9
Let x be (2 - -7)*4/3. Suppose 0 = 4*r - 4*l - 24, 0*l - x = -2*r - 5*l. Suppose o = -o + r. What is the remainder when 7 is divided by o?
1
Let q = -173 - -209. Calculate the remainder when q is divided by 21.
15
Suppose 2*p - 8 = 0, 4*o - 3*o = -4*p + 27. Let i = -42 + 106. Calculate the remainder when i is divided by o.
9
Let k be (12/(-16))/((-2)/8). Suppose -6*m + 36 = -k*m. Calculate the remainder when 34 is divided by m.
10
Suppose 0 = -4*h + h + 81. Suppose 4*m - 28 = 3*c, 5*m - 35 = -0*m - 4*c. Calculate the remainder when h is divided by m.
6
Let l(v) = -v**2 - 14*v + 12. Let i be l(-12). What is the remainder when 4/18 + 1864/i is divided by 18?
16
Calculate the remainder when 1182/21 + 0 + 2/(-7) is divided by 16.
8
Suppose -3*d - 21 = 2*s, 2*s - 5*s - 29 = 4*d. Let z(a) = 3*a**2 + 3*a + 2. Calculate the remainder when z(s) is divided by 11.
9
Suppose 5*v - 88 = 2*x, -2*v + 37 = 5*x - 4*x. Calculate the remainder when v is divided by 11.
7
Let w = 169 + -115. Let p = 5 - -9. Calculate the remainder when w is divided by p.
12
Suppose 3*f = 7*f + 16, 3*o - 69 = -3*f. Calculate the remainder when o is divided by 6.
3
Suppose -4*i - w = i - 85, 4*w = i - 38. Calculate the remainder when i is divided by 13.
5
Suppose 13 = -4*f - 15. Suppose -3*p - 190 = 2*p. Let z = f - p. What is the remainder when z is divided by 16?
15
Suppose -5